{"id":58715,"date":"2026-04-30T13:55:06","date_gmt":"2026-04-30T11:55:06","guid":{"rendered":"https:\/\/www.al-andalushome.com\/properties\/casa-de-pueblo-de-grandes-dimensiones-en-ventorros-de-balerma-rodeado-de-naturaleza\/"},"modified":"2026-04-30T15:41:40","modified_gmt":"2026-04-30T13:41:40","slug":"casa-de-pueblo-de-grandes-dimensiones-en-ventorros-de-balerma-rodeado-de-naturaleza","status":"publish","type":"estate_property","link":"https:\/\/www.al-andalushome.com\/es\/properties\/casa-de-pueblo-de-grandes-dimensiones-en-ventorros-de-balerma-rodeado-de-naturaleza\/","title":{"rendered":"Casa de pueblo de grandes dimensiones en Ventorros de Balerma, rodeado de naturaleza."},"content":{"rendered":"\n<p>Ventorros de Balerma una calle llamada El L\u00edmite y una fuente que marca la separaci\u00f3n administrativa entre las dos provincias. El pueblo cuenta con un \u00fanico colegio en la parte cordobesa y consultorio m\u00e9dico en la parte granadina. Ventorros de Balerma est\u00e1 a los pies de la sierra de Campo Agrio y cerca del embalse de Izn\u00e1jar. Cuenta con 264 habitantes, dos bares y tienda de comestibles.   <\/p>\n\n<p>La casa que mostramos de grandes dimensiones con doble entrada ya que una de las partes era antigua cochera y se cerro para hacer otra habitaci\u00f3n mas, con lo cual dos comedores en la parte de abajo, un dormitorio interior. Ya dando al patio trasero accedemos a la cocina y al cuarto de ba\u00f1o. El patio cuenta con lavadero, subiendo unas escaleras damo a la parte trasera donde accedemos a una gran habitaci\u00f3n y parte de campo que cuenta la propiedad con le\u00f1era y diferente uso. Ya en la parte de arriba hay 4 dormitorios, una peque\u00f1a despensa y dos cuartos interiores de uso como almac\u00e9n u otros usos. Una casa de grandes dimensiones con necesidad de actualizar pero con muchas posibilidades a un precio mu     <\/p>\n","protected":false},"excerpt":{"rendered":"<p>Ventorros de Balerma una calle llamada El L\u00edmite y una fuente que marca la separaci\u00f3n administrativa entre las dos provincias. El pueblo cuenta con un \u00fanico colegio en la parte cordobesa y consultorio m\u00e9dico en la parte granadina. Ventorros de Balerma est\u00e1 a los pies de la sierra de Campo Agrio y cerca del embalse de Izn\u00e1jar. Cuenta con 264 habitantes, dos bares y &#8230;<\/p>\n","protected":false},"featured_media":58615,"comment_status":"open","ping_status":"closed","template":"","property_category":[],"property_action_category":[355],"property_city":[737],"property_area":[],"property_county_state":[140],"property_features":[411,393,384,375,484,431,395,404,371,386,570,444,387,376,398,373,390,391,392,401,405,397,394,377,409,446,400,402,361,430,381,407,483,408,406,399,362,410,426,366],"property_status":[382,623],"class_list":["post-58715","estate_property","type-estate_property","status-publish","has-post-thumbnail","hentry","property_action_category-oferta","property_city-ventorros-de-balerma-es","property_county_state-granada","property_features-water-es","property_features-furnished-es","property_features-bathroom-es","property_features-bano-completo","property_features-barras-en-las-ventanas","property_features-buen-aceso-carretera","property_features-heating-es","property_features-quality-es","property_features-caracter","property_features-central-es","property_features-cerca-de-centro-medico","property_features-cerca-de-escuelas","property_features-close-to-all-amenities-es","property_features-chimenea","property_features-kitchen-es","property_features-cocina-completa","property_features-dining-area-es","property_features-electricity-es","property_features-full-escritura-es","property_features-outside-es","property_features-rooms-es","property_features-internet-possible-es","property_features-garden-es","property_features-jardin-vegetal","property_features-very-good-access-es","property_features-necesidad-de-renovacion","property_features-other-es","property_features-parking-es","property_features-parking-en-la-calle","property_features-patio-es","property_features-potencial-para-alquilar","property_features-traditional-village-es","property_features-seguridad","property_features-utilities-es","property_features-telephone-possible-es","property_features-location-es","property_features-vista-a-la-montana","property_features-views-es","property_features-zona-de-almacen","property_features-zona-tranquila","property_status-nueva-oferta","property_status-oferta-caliente"],"_links":{"self":[{"href":"https:\/\/www.al-andalushome.com\/es\/wp-json\/wp\/v2\/estate_property\/58715","targetHints":{"allow":["GET"]}}],"collection":[{"href":"https:\/\/www.al-andalushome.com\/es\/wp-json\/wp\/v2\/estate_property"}],"about":[{"href":"https:\/\/www.al-andalushome.com\/es\/wp-json\/wp\/v2\/types\/estate_property"}],"replies":[{"embeddable":true,"href":"https:\/\/www.al-andalushome.com\/es\/wp-json\/wp\/v2\/comments?post=58715"}],"wp:featuredmedia":[{"embeddable":true,"href":"https:\/\/www.al-andalushome.com\/es\/wp-json\/wp\/v2\/media\/58615"}],"wp:attachment":[{"href":"https:\/\/www.al-andalushome.com\/es\/wp-json\/wp\/v2\/media?parent=58715"}],"wp:term":[{"taxonomy":"property_category","embeddable":true,"href":"https:\/\/www.al-andalushome.com\/es\/wp-json\/wp\/v2\/property_category?post=58715"},{"taxonomy":"property_action_category","embeddable":true,"href":"https:\/\/www.al-andalushome.com\/es\/wp-json\/wp\/v2\/property_action_category?post=58715"},{"taxonomy":"property_city","embeddable":true,"href":"https:\/\/www.al-andalushome.com\/es\/wp-json\/wp\/v2\/property_city?post=58715"},{"taxonomy":"property_area","embeddable":true,"href":"https:\/\/www.al-andalushome.com\/es\/wp-json\/wp\/v2\/property_area?post=58715"},{"taxonomy":"property_county_state","embeddable":true,"href":"https:\/\/www.al-andalushome.com\/es\/wp-json\/wp\/v2\/property_county_state?post=58715"},{"taxonomy":"property_features","embeddable":true,"href":"https:\/\/www.al-andalushome.com\/es\/wp-json\/wp\/v2\/property_features?post=58715"},{"taxonomy":"property_status","embeddable":true,"href":"https:\/\/www.al-andalushome.com\/es\/wp-json\/wp\/v2\/property_status?post=58715"}],"curies":[{"name":"wp","href":"https:\/\/api.w.org\/{rel}","templated":true}]}}

<p>Ventorros de Balerma una calle llamada El Límite y una fuente que marca la separación administrativa entre las dos provincias. El pueblo cuenta con un único colegio en la parte cordobesa y consultorio médico en la parte granadina. Ventorros de Balerma está a los pies de la sierra de Campo Agrio y cerca del embalse de Iznájar. Cuenta con 264 habitantes, dos bares y tienda de comestibles.   </p>

<p>La casa que mostramos de grandes dimensiones con doble entrada ya que una de las partes era antigua cochera y se cerro para hacer otra habitación mas, con lo cual dos comedores en la parte de abajo, un dormitorio interior. Ya dando al patio trasero accedemos a la cocina y al cuarto de baño. El patio cuenta con lavadero, subiendo unas escaleras damo a la parte trasera donde accedemos a una gran habitación y parte de campo que cuenta la propiedad con leñera y diferente uso. Ya en la parte de arriba hay 4 dormitorios, una pequeña despensa y dos cuartos interiores de uso como almacén u otros usos. Una casa de grandes dimensiones con necesidad de actualizar pero con muchas posibilidades a un precio mu     </p>

<p>Ventorros de Balerma una calle llamada El Límite y una fuente que marca la separación administrativa entre las dos provincias. El pueblo cuenta con un único colegio en la parte cordobesa y consultorio médico en la parte granadina. Ventorros de Balerma está a los pies de la sierra de Campo Agrio y cerca del embalse de Iznájar. Cuenta con 264 habitantes, dos bares y &#8230;</p>
